3
Let q(i) = i**2 - 8*i + 6. Suppose -3*h = c - h - 7, 5*c + 5*h - 40 = 0. List the prime factors of q(c).
3, 5
Let z(q) = 9 - q**2 + 3*q**2 + 8*q**2 + q**3. List the prime factors of z(-10).
3
Suppose -2*c - 2*z - 18 = 0, 0*c - 3*c - 30 = 2*z. Let r = c + 7. List the prime factors of 126/10 + 3/r.
2, 3
List the prime factors of 0/(-1) + 1 + 69 + -4.
2, 3, 11
Let v(c) = 6*c**3 + 2*c**2 - 3*c + 1. Let r be v(2). Let l = -20 + r. What are the prime factors of l?
31
Let l(v) be the second derivative of v**4/12 - v**3/3 + v. Let g = 3 + 0. List the prime factors of l(g).
3
Let c = -7 + 12. Suppose 7*u - 50 = c*u. What are the prime factors of u?
5
Let o = -114 - -224. What are the prime factors of o?
2, 5, 11
Let k(h) = -h + 3*h + 3 + 0*h. Let p be k(-2). Let i = 3 - p. What are the prime factors of i?
2
Let j = -3 + 5. List the prime factors of j.
2
Suppose 3*g + 2*g = 60. Let p = 20 + -18. Suppose p*x - g = -0*x. List the prime factors of x.
2, 3
List the prime factors of -14 - -16 - 78*-2.
2, 79
What are the prime factors of ((-4)/(-26) - (-4)/(-26)) + 183?
3, 61
Let g(j) = -66*j**3 - 2*j**2 - 3*j - 2. List the prime factors of g(-1).
5, 13
Suppose 0 = 4*x - 3*x. Suppose 2*a - 2*u = -2*a + 14, -a - 3*u - 7 = 0. Suppose -a*q + 2*i + 32 = 0, -q - 4*q - i + 62 = x. What are the prime factors of q?
13
Let m = 2 + -2. Suppose 2*g = 5*t - 7, g - 2*t = -m*g - 4. Let l = 18 + g. List the prime factors of l.
2, 3
Let f be (-40)/(-12)*1*3. Let p = -7 + 2. Let h = f + p. What are the prime factors of h?
5
Let z(h) = -h**3 - 3*h**2 + 3*h - 2. Let r be z(-4). Suppose 3*k - 17 = r*k. What are the prime factors of k?
17
Suppose -2*f + 5 = -f. Suppose -o - f - 1 = 0. What are the prime factors of (-27)/(-6) + o/(-4)?
2, 3
Let m(q) = q**2 + 2*q + 5. Let g be m(-6). Let o = -10 + g. List the prime factors of o.
19
What are the prime factors of (-2 - 52/(-8))*2?
3
Suppose 5*x - 296 = -4*r, -r = r + 4*x - 142. What are the prime factors of r?
79
Suppose -4*c + 107 + 85 = 0. List the prime factors of c.
2, 3
Let j be 2*(3/(-2))/(-3). Let x = -1 - j. List the prime factors of (40/50)/(x/(-25)).
2, 5
Let j = 13 - 8. Suppose 0 = 2*u - j*u + 15. Suppose -4*m = b + 1, -b + u*m = -11 + 3. List the prime factors of b.
3
Let u(q) = -q**3 + 3*q**2 - q + 1. Let c be u(2). Let g = 13 + c. What are the prime factors of g?
2
Let y be 1 + -3*4/12. Suppose o - 14 = -4*r, y*r + 42 = 3*o - 3*r. List the prime factors of o.
2, 7
Suppose 0 = -4*a + 3*a + 3. Suppose -h = a*h - 12. List the prime factors of 1 + h/((-9)/(-6)).
3
Let r = 10 - -6. Let p(y) = -2*y - 1. Let u be p(4). Let s = u + r. What are the prime factors of s?
7
Let t = 180 - 8. List the prime factors of t.
2, 43
Suppose -8*f - 5*f = -1456. List the prime factors of f.
2, 7
Suppose 0 = t - 3*i - 116, 5*i = -3*t + 310 + 94. Suppose -5*p + p + t = 0. What are the prime factors of p?
2
Let o = 38 + -1. List the prime factors of o.
37
Suppose 0 = -a + 4 - 0. Suppose q - y = -a*q + 19, 3*q = -5*y + 17. What are the prime factors of q?
2
Suppose 5*z + 5*j + 215 = 0, 3*z + 19 = 2*j - 120. Suppose 4*u - 14 = -3*p, -p + 10 = 2*u + 2*u. List the prime factors of (p/3)/((-6)/z).
5
Let c = -36 + 70. Let f(g) = -g**3 - 4*g**2 - 6*g - 5. Let y be f(-5). Let k = y - c. What are the prime factors of k?
2
Let i(x) = -4*x - 4. What are the prime factors of i(-6)?
2, 5
Suppose 0 = 2*n + 2 + 6. Let u = 3 + n. List the prime factors of (1/2)/(u/(-24)).
2, 3
What are the prime factors of (-4)/(-16) - 6858/(-24)?
2, 11, 13
Suppose -j + 2*j - 97 = 0. What are the prime factors of j?
97
Let q = 13 - 11. List the prime factors of 22 - (-6 - (-6)/q).
5
Let v(g) = g + 14. Let z be v(-11). Suppose z*q - 4 = 2*a, 4*q - 2*q = -a + 5. List the prime factors of q.
2
Suppose 5*u - 3*m - 121 = 0, 0 = -u - 4*u - 3*m + 139. What are the prime factors of u?
2, 13
List the prime factors of (186/(-15) - -2)/(4/(-70)).
2, 7, 13
Let c be ((-14)/6 + 3)*-3. List the prime factors of (c/3)/((-2)/30).
2, 5
Suppose 0 = 2*r + 3*r + 20. Let p be (-215)/(-10) + (-2)/r. Suppose -3*h + 2 = -p. What are the prime factors of h?
2
Let p be -66 + (-3)/3 + 1. Let y = 93 + p. List the prime factors of y.
3
Let g(h) = h - 6. Let k be g(6). Suppose 2*b - 35 = -5*x, k*x - 5*b + 21 = 3*x. List the prime factors of (x/(-4))/(3/(-12)).
7
Let i(t) = -11*t + 1. Let h be i(3). Let u = h - -16. List the prime factors of ((-5)/10)/(1/u).
2
Let j = -22 + 42. Suppose 3*r + 2*m - 116 = 0, -2*r = -2*m - 64 - j. Suppose 2*a + 13 = 5*t - 27, a + r = 5*t. List the prime factors of t.
2
Suppose 2 = -l - 0. Let a = l - -2. Suppose 2*j + a = 4. What are the prime factors of j?
2
Let s = -5 + -15. Let x = -14 - s. Let g(r) = -r**3 + 7*r**2 - 6*r + 6. List the prime factors of g(x).
2, 3
Suppose 0 = -12*u + 17*u - 370. List the prime factors of u.
2, 37
Let k = -153 - -247. What are the prime factors of k?
2, 47
Let f be (-2 - -6)*(-5 - -2). Let p be (-4 + 2 - f)/2. Suppose -p*v = -2*v - 39. List the prime factors of v.
13
Let n be 4/(-18) - 34/9. Let o = 36 - n. Suppose 4*t - o = -t. What are the prime factors of t?
2
Let o(v) = -v**2 - 10*v - 7. Let w be o(-10). Let q(x) = -8*x - 9 - x**2 - x + 2. List the prime factors of q(w).
7
Suppose -20*c + 34 = -19*c. What are the prime factors of c?
2, 17
Let s be 0/((-6)/(-2)) + 9. Suppose -s = -6*x + 3*x. Let u = -1 + x. List the prime factors of u.
2
Let k be (0 - 15/(-6))*2. Let b = -5 + k. Suppose 5*t - 4*l - 43 = b, 2*t - 3*l + 0*l = 13. What are the prime factors of t?
11
Let n = 55 - 35. Let t be (-1)/3 + n/6. Suppose 2*i = -t*i + 65. List the prime factors of i.
13
Let f(n) = n**3 + 3*n**2 + 3. Let x be f(-3). Suppose -x*s - 18 = -h, -h + 2 = 2*s + 4. Let l = h - -6. What are the prime factors of l?
2, 3
Let b(i) = -10*i - 3. Let w be b(-2). Suppose 3*m + k - w = -m, -m - 2*k + 13 = 0. What are the prime factors of m?
3
Suppose -3*q + 18 = q - 5*u, -2*q = -u - 6. Suppose -5*m - 20 = 3*d, m = d + q*d - 4. Suppose d = 2*y - 18 + 6. What are the prime factors of y?
2, 3
Let u be 18/(-99) + 92/22. Let z be 23/u + (-6)/(-24). Suppose z = v - 6. What are the prime factors of v?
2, 3
Let l(w) = -w**3 + 7*w**2 + 11*w + 3. Let n be l(8). Suppose g - 5*z = 9 + 30, g - 2*z = n. List the prime factors of g.
19
List the prime factors of (-2 - -2) + 2 - -7.
3
Suppose -2*o - 3*s + 151 = 0, 2*s + 12 = 2*o - 134. List the prime factors of o.
2, 37
Suppose -8*o + 759 = 3*o. What are the prime factors of o?
3, 23
Suppose -7*n = 9*n - 1088. What are the prime factors of n?
2, 17
Let m = -3 + 34. List the prime factors of m.
31
Let q be -1 + 1 + (0 - -21). Let i = q - 13. Let v = 12 - i. List the prime factors of v.
2
Let h(s) = 14*s**3 + s**2 + s - 2. Let v(b) = b - 11. Let r be v(12). What are the prime factors of h(r)?
2, 7
Let u = 66 - 46. What are the prime factors of u?
2, 5
Let k(g) = -3*g - 6. Let r(d) = d. Let l(n) = -k(n) - 4*r(n). Let j be l(5). What are the prime factors of 2 + j + -3 + 9?
3
Let p be 5 - 3 - -20 - -2. Suppose -3*d + p = -45. What are the prime factors of d?
23
Let j(k) = -k**3 - 3*k**2 + 2. Let x be j(2). Let q = -10 - x. List the prime factors of q.
2
Suppose 2 = t - 2*g, -t = 5*g - 1 - 1. Let q(r) = -r**2 - 1. Let m(w) = -2*w**3 + 9*w**2 - 2*w + 6. Let j(a) = -m(a) - 6*q(a). List the prime factors of j(t).
2
Suppose 3*g = -f + 106, -f = -0*f + 5. What are the prime factors of g?
37
Suppose 108 = 2*d - 16. List the prime factors of d.
2, 31
Suppose -6*f = -2*f - 32. Suppose -l - 2*j = -8, -l + 2*j = 3*l + f. Let h(u) = u + 13. List the prime factors of h(l).
13
Suppose -19*v = -13*v - 1242. List the prime factors of v.
3, 23
Suppose -5*j + 1223 = 4*d - 2*d, 5*j - 1224 = -d. What are the prime factors of j?
5, 7
Let z(q) = -q + 4. Let m be z(-3). Let d = 8 + -5. Suppose d*a = m*a - 8. List the prime factors of a.
2
Let z(h) = -h**3 + 16*h**2 + 3*h + 22. What are the prime factors of z(16)?
2, 5, 7
Suppose 0 = 4*o + o - 5. Let v = o + -4. What are the prime factors of (14/v + 1)*-3?
11
Let d = -10 - -17. Let b be (-121)/d - 4/(-14). Let h = b - -26. List the prime factors of h.
3
Suppose 43*r = 39*r + 1164. What are the prime factors of r?
3, 97
Let f(w) = 3*w**2 - 15*w + 22. List the prime factors of f(10).
2, 43
Let s = 14 + -9. Sup